835.
2363
What is the greatest common factor of 3206 and 27704?
2
Calculate the greatest common divisor of 206654 and 10962.
406
What is the highest common divisor of 3029664 and 45600?
1824
Calculate the greatest common factor of 117868 and 51847.
373
Calculate the greatest common divisor of 16027791 and 4953.
39
Calculate the highest common factor of 2038 and 96085586.
2038
What is the highest common factor of 27694 and 2698884?
122
Calculate the highest common divisor of 59 and 1902751239.
59
What is the highest common divisor of 33978122 and 14886?
1654
Calculate the greatest common factor of 11921 and 178633.
91
Calculate the greatest common factor of 2748 and 31866.
6
Calculate the greatest common factor of 93335 and 299695.
55
Calculate the greatest common factor of 227640 and 66472.
56
Calculate the highest common factor of 333949 and 7931.
77
Calculate the highest common divisor of 52 and 369252.
52
Calculate the greatest common divisor of 603252 and 46092.
12
Calculate the greatest common factor of 24003 and 461062959.
2667
Calculate the greatest common divisor of 26 and 68037554.
26
Calculate the highest common divisor of 180960 and 559080.
120
Calculate the highest common divisor of 8818701 and 6.
3
What is the greatest common factor of 866 and 1207751312?
866
Calculate the highest common factor of 99405243 and 1421.
203
Calculate the greatest common factor of 17664 and 50794212.
276
Calculate the highest common factor of 29121001 and 182.
91
What is the highest common factor of 72 and 8017740?
36
Calculate the highest common factor of 24944 and 22864.
16
Calculate the greatest common factor of 473295 and 1560.
15
What is the greatest common factor of 304 and 304779?
19
What is the highest common divisor of 220561 and 17556?
11
What is the greatest common factor of 1522294 and 4294545?
6983
What is the greatest common factor of 7 and 654644977?
7
What is the greatest common factor of 383014195 and 9670?
4835
Calculate the greatest common factor of 22755 and 54279.
111
What is the highest common divisor of 266 and 7270882?
38
Calculate the greatest common divisor of 29585234 and 42.
14
Calculate the highest common divisor of 20 and 101139230.
10
Calculate the greatest common factor of 1376 and 371061792.
1376
Calculate the greatest common factor of 8323340 and 35.
5
What is the highest common factor of 16 and 2672752?
16
Calculate the greatest common divisor of 699180 and 2150.
430
Calculate the greatest common factor of 315 and 20959344.
63
What is the greatest common divisor of 152 and 104986552?
152
Calculate the highest common divisor of 137408 and 3842.
226
What is the greatest common divisor of 25 and 33267475?
25
Calculate the greatest common factor of 2079 and 10664115.
231
Calculate the greatest common divisor of 1472736 and 30624.
2784
What is the greatest common divisor of 7875 and 3932375?
125
Calculate the greatest common divisor of 562 and 40390378.
562
Calculate the greatest common factor of 2744 and 143528.
56
Calculate the greatest common divisor of 2958104 and 59184.
1096
Calculate the greatest common divisor of 1 and 17390521.
1
Calculate the highest common divisor of 1430 and 8890999.
13
Calculate the greatest common divisor of 248 and 429513556.
124
Calculate the highest common divisor of 21568221 and 837.
27
What is the greatest common factor of 160104 and 5376?
168
Calculate the greatest common factor of 368 and 259140678.
46
Calculate the highest common factor of 264 and 2755999752.
264
What is the highest common divisor of 30321684 and 142650?
5706
What is the greatest common divisor of 49 and 52638691?
49
What is the highest common divisor of 1462 and 104839?
17
Calculate the greatest common divisor of 18 and 6216291.
9
What is the greatest common factor of 3544908 and 272?
68
What is the greatest common divisor of 48 and 80074992?
48
Calculate the greatest common divisor of 3085150 and 11050.
50
Calculate the greatest common divisor of 2880 and 552192.
192
Calculate the highest common divisor of 120083 and 127489.
529
Calculate the greatest common divisor of 38283 and 18742263.
5469
Calculate the highest common factor of 124 and 23356.
4
Calculate the highest common factor of 4233 and 37179.
51
Calculate the greatest common factor of 3829644 and 910.
182
What is the greatest common factor of 2501362 and 1102930?
4162
Calculate the highest common factor of 1669 and 38019820.
1669
Calculate the highest common divisor of 1077 and 2636855.
359
What is the greatest common divisor of 19603192 and 69412?
1036
What is the greatest common divisor of 387495 and 73944?
711
Calculate the greatest common factor of 22509 and 30186045.
369
Calculate the greatest common factor of 137769 and 30874758.
7251
Calculate the highest common factor of 13043390 and 77355.
955
What is the greatest common divisor of 1436 and 4033504292?
1436
Calculate the greatest common divisor of 1036 and 1960344582.
518
Calculate the greatest common factor of 712794331 and 229.
229
Calculate the greatest common divisor of 229 and 45096283.
229
What is the highest common divisor of 297 and 4126167?
27
What is the greatest common factor of 29494 and 5248?
2
Calculate the greatest common divisor of 58528894 and 444.
74
Calculate the greatest common divisor of 120207 and 544.
17
What is the greatest common factor of 40 and 15727784?
8
What is the highest common divisor of 141001 and 1925?
7
Calculate the highest common divisor of 14641 and 1903.
11
Calculate the highest common factor of 359369387 and 41.
41
Calculate the greatest common factor of 138 and 85153521.
69
What is the greatest common divisor of 6086 and 2025564?
358
What is the greatest common divisor of 37440 and 1288755?
585
Calculate the highest common divisor of 234930969 and 1365.
273
Calculate the greatest common factor of 15639 and 5233050.
1203
Calculate the highest common divisor of 835 and 72187420.
835
Calculate the highest common factor of 1462648 and 103048.
88
Calculate the highest common factor of 20 and 102037036.
4
What is the greatest common divisor of 198 and 7263333?
99
What is the highest common divisor of 13785334 and 963832?
12682
What is the highest common divisor of 33120 and 244829664?
6624
What is the highest common divisor of 9458 and 87268966?
9458
What is the highest common factor of 4389 and 10066371?
399
Calculate the highest common factor of 510318528 and 12.
12
What is the greatest common divisor of 1048 and 296392478?
262
What is the highest common divisor of 3278869065 and 162?
81
What is the greatest common divisor of 103522 and 27122?
382
Calculate the highest common factor of 37762814 and 986.
986
Calculate the greatest common factor of 480295773 and 705.
141
Calculate the greatest common divisor of 212116 and 72048.
76
Calculate the highest common divisor of 179626130 and 20.
10
What is the greatest common factor of 1482635 and 484715?
385
What is the greatest common divisor of 149708 and 22971541?
2879
Calculate the highest common divisor of 512 and 17504.
32
Calculate the highest common divisor of 5520 and 5619600.
240
What is the highest common divisor of 2 and 172854526?
2
What is the highest common factor of 18660 and 441568374?
1866
What is the highest common factor of 2296 and 2019648?
8
What is the highest common divisor of 4917450 and 600?
150
What is the highest common divisor of 40719448 and 1232?
616
Calculate the highest common factor of 59079060 and 1416.
708
What is the highest common factor of 122820 and 9920?
20
Calculate the greatest common divisor of 8956523 and 636.
53
What is the greatest common factor of 27917397 and 339709?
5569
What is the greatest common divisor of 54894 and 714?
42
What is the highest common factor of 469076280 and 40?
40
Calculate the highest common divisor of 298167335 and 785.
785
What is the highest common divisor of 8936 and 1214601226?
2234
Calculate the highest common divisor of 148284 and 3429754.
2746
Calculate the greatest common factor of 52488326 and 10888.
2722
Calculate the highest common factor of 5510 and 1187310.
190
What is the highest common divisor of 280 and 138841752?
56
Calculate the greatest common divisor of 56551 and 1111.
11
Calculate the greatest common factor of 7127424 and 